{"id":12511,"date":"2022-08-22T16:49:10","date_gmt":"2022-08-22T14:49:10","guid":{"rendered":"http:\/\/algornet.com\/?post_type=ajde_events&#038;p=12511"},"modified":"2022-08-22T16:49:11","modified_gmt":"2022-08-22T14:49:11","slug":"vide-grenier-a-menil-brout-2","status":"publish","type":"ajde_events","link":"http:\/\/algornet.com\/es\/events\/vide-grenier-a-menil-brout-2\/","title":{"rendered":"Vide-grenier \u00e0 M\u00e9nil-Bro\u00fbt"},"content":{"rendered":"<p>Accueil des exposants \u00e0 partir de 7 h 30<\/p>\n\n\n\n<p>1 \u20ac le m<\/p>\n\n\n\n<p>VIDE GRENIER<\/p>\n\n\n\n<p>Place de l&rsquo;\u00e9glise<\/p>\n\n\n\n<p>LE MENIL BROUT<\/p>\n\n\n\n<p>de 8 h 30 \u00e0 17 h 30<\/p>","protected":false},"author":2,"featured_media":0,"menu_order":0,"comment_status":"closed","ping_status":"closed","template":"","meta":[],"tags":[],"event_type":[],"event_type_2":[],"_links":{"self":[{"href":"http:\/\/algornet.com\/es\/wp-json\/wp\/v2\/ajde_events\/12511"}],"collection":[{"href":"http:\/\/algornet.com\/es\/wp-json\/wp\/v2\/ajde_events"}],"about":[{"href":"http:\/\/algornet.com\/es\/wp-json\/wp\/v2\/types\/ajde_events"}],"author":[{"embeddable":true,"href":"http:\/\/algornet.com\/es\/wp-json\/wp\/v2\/users\/2"}],"replies":[{"embeddable":true,"href":"http:\/\/algornet.com\/es\/wp-json\/wp\/v2\/comments?post=12511"}],"wp:attachment":[{"href":"http:\/\/algornet.com\/es\/wp-json\/wp\/v2\/media?parent=12511"}],"wp:term":[{"taxonomy":"post_tag","embeddable":true,"href":"http:\/\/algornet.com\/es\/wp-json\/wp\/v2\/tags?post=12511"},{"taxonomy":"event_type","embeddable":true,"href":"http:\/\/algornet.com\/es\/wp-json\/wp\/v2\/event_type?post=12511"},{"taxonomy":"event_type_2","embeddable":true,"href":"http:\/\/algornet.com\/es\/wp-json\/wp\/v2\/event_type_2?post=12511"}],"curies":[{"name":"wp","href":"https:\/\/api.w.org\/{rel}","templated":true}]}}

Vide-grenier à Ménil-Broût

<p>Accueil des exposants à partir de 7 h 30</p>



<p>1 € le m</p>



<p>VIDE GRENIER</p>



<p>Place de l&rsquo;église</p>



<p>LE MENIL BROUT</p>



<p>de 8 h 30 à 17 h 30</p>
